s digit of b?
1
Suppose 6*p = 9*p - 702. What is the hundreds digit of p?
2
Let p = -317 - -503. What is the hundreds digit of p?
1
Suppose 5*r - 56 = r. Suppose -g - g = r. Let o(z) = -z**3 - 7*z**2 - 2*z - 7. What is the units digit of o(g)?
7
Suppose -12 + 228 = 2*f. What is the tens digit of f?
0
What is the tens digit of (-230)/(-7) - (-10)/70?
3
Suppose 4*m - 10 = -2*w, 3*w - m - 2 = 2*w. Suppose -w*b - l - l + 13 = 0, 0 = -3*b + 2*l + 17. What is the units digit of b?
5
Let l(a) = -a**2 - 6*a - 4. Let f be l(-4). Let q(w) = w**3 - 5*w**2 + 5*w + 4. What is the units digit of q(f)?
8
Suppose p - 6 = -2*y, 2*y + 10 = 4*p + 3*y. Suppose -p*l + l = -22. What is the units digit of l?
2
Suppose 11 = -2*g + 5*j, -g - 2*j - 2 = -5*g. Suppose -4 = -k - g. Suppose -2*c - 5*v + 10 = -0*v, -4*v = k*c - 10. What is the units digit of c?
5
Let i be 40/(-25)*(-15)/6. Suppose 46 = i*o - 2. What is the units digit of o?
2
Let p(z) = 13*z**2 - 5*z + 4. Let a(x) = x**2 - x + 1. Let b(y) = -3*a(y) + p(y). Suppose 2*u - 2 + 0 = 0. What is the units digit of b(u)?
9
Let w be (0 + 0/1)*1. Let y(n) = -n**2 - 4*n + 1. Let l be y(-3). Suppose t - l = -w*t. What is the units digit of t?
4
Let t(c) = -c**2 - 11*c + 5. Let x be t(-11). Suppose 3*h + 2 + 22 = 3*d, x*h = 0. What is the units digit of d?
8
Let z(m) = m**3 - 7*m**2 - 6*m - 9. Let i(l) = 9*l - 4. Let t be i(4). Suppose -2*h = -3*w + t, 2*w + 2*h + 4 = -3*h. What is the units digit of z(w)?
7
Suppose -5*q - 3*m + 23 = 0, -q + 3 = -m - 0*m. Suppose 0*s + 2*s - 2 = 0, 0 = 5*b + 4*s - 34. Let w = b - q. What is the units digit of w?
2
Let s(t) = 8*t**3 - t**2 + 3*t - 1. Let o be 3*(1 - (-2)/(-6)). Let j be s(o). Suppose -j - 10 = -5*d. What is the units digit of d?
5
Suppose -y + 12 = 2*y. Suppose 3*j = y*o - 161, -4*o - 4*j + 0*j + 196 = 0. What is the units digit of o?
4
Let h = 58 + -41. Let w = -25 + h. What is the units digit of (-38)/w - (-4)/16?
5
Let y = 11 + 37. Suppose -6*a = 3*l - 2*a + 7, 5*l - 7 = -2*a. Suppose -4*j = 3*s - y, j - 2*j - l*s = -3. What is the tens digit of j?
1
Let j = 23 - 22. What is the units digit of j?
1
Let j = 50 - 30. What is the units digit of j?
0
Let n be (5/(-4))/(5/20). Let s = -3 - n. What is the units digit of s?
2
Suppose 7 - 4 = -z + 2*k, -2*k = z - 5. What is the tens digit of (3*-44)/(-3) + z?
4
Let p = 18 + -15. Suppose -2*s + 52 = -j, s - 5*j = -p*j + 26. What is the tens digit of s?
2
Let r(j) = 6*j - 1. Let c be r(2). Suppose 4*l = 9 + c. What is the units digit of l?
5
Let l(x) = -3*x - 1. Let j be l(-1). Let c be j/(4 - 2) + 2. Suppose -c*n + n = -4. What is the units digit of n?
2
Let i = -43 + 105. What is the units digit of i?
2
Let g be (-2)/(-8) + (-18)/(-24). Let x = g - 1. What is the units digit of 7 + (x - 0)/(-2)?
7
Suppose -4*o = -40 + 208. Let z = -89 - -60. Let a = z - o. What is the units digit of a?
3
Let k(s) = s + 0*s + 6*s - 1. Let l be k(8). Suppose 2*i = -3*i + l. What is the units digit of i?
1
Let w = -40 - -44. What is the units digit of w?
4
Suppose -5*b + 54 = 2*s - 0, -4*b = 0. What is the units digit of s?
7
Let h(l) = -l**3 + 6*l**2 - 3*l - 3. Let b be h(5). Let o be -3 + b + -1 + 0. Suppose -y = o*y - 12. What is the units digit of y?
3
Let s(a) = -9*a - 17. What is the tens digit of s(-9)?
6
Let u(o) = o + 10. Suppose -3*l + l + 9 = 5*q, 3 = -l - q. What is the units digit of u(l)?
2
Let m(i) = i + 7. Let l be m(-3). Suppose -6*z - p + 175 = -z, 5*z + l*p = 175. What is the tens digit of z?
3
Suppose 0 = t + 2*w - 50, t - w + 5*w - 48 = 0. What is the tens digit of t?
5
Let j = -44 - -119. What is the tens digit of j?
7
Let l = 12 - 8. Suppose 0*s = -5*s + 3*i + 19, 4*s - 30 = -5*i. Suppose -4*d + 4*m + 12 = 8*m, -l*d - s*m + 7 = 0. What is the units digit of d?
8
Let l = 36 - 7. What is the tens digit of l?
2
Let f = 340 + -242. What is the units digit of f?
8
Let g = 49 + -4. What is the tens digit of g?
4
Let d(n) = n**3 + 4*n**2 - 3*n - 5. Let k be d(-4). Suppose -3*b = 5*h - 74, h = -4*b - h + 108. Suppose -k = -5*y + b. What is the units digit of y?
7
Let z = -1 - -4. Suppose 0 = -z*u - 49 + 13. Let t = -3 - u. What is the units digit of t?
9
Let o(s) = -s**2 - 5*s - 2. Let q be o(-4). What is the units digit of 2*-11*q/(-4)?
1
Suppose 0 = 4*c + 5*j + 7 + 5, -c - j = 2. Suppose 0 = 3*n + c + 4, 5*n = -3*v + 32. Suppose 0 = -4*u + 2*u + v. What is the units digit of u?
7
Suppose -x = i - 144, 2*x - 594 = -2*x + 2*i. What is the units digit of x?
7
Let g = 18 - 5. What is the tens digit of g?
1
Let d be 9754/34 + 12/102. Suppose -5*z - 102 + d = 0. What is the units digit of z?
7
What is the units digit of (1 - -86) + 8 + -12?
3
What is the units digit of (-502)/(-6) - (-3)/9*-2?
3
Let m(b) be the first derivative of b**6/360 + b**5/40 + b**4/24 - b**3/3 - 1. Let y(x) be the third derivative of m(x). What is the units digit of y(-3)?
1
Let z = 2 + 5. What is the units digit of z?
7
Let c(s) be the first derivative of -1/3*s**3 + 2*s + 5/2*s**2 - 2. What is the units digit of c(4)?
6
Let n(b) = -b**3 - 3*b**2 + 11*b - 4. What is the units digit of n(-6)?
8
Let n(z) = 11*z**3 + 31*z**2 - 31*z - 32. Let a(i) = -4*i**3 - 10*i**2 + 10*i + 11. Let v(p) = -8*a(p) - 3*n(p). What is the units digit of v(-14)?
2
Let y(f) = f**3 - 5*f**2 + 2*f - 6. Let o be 5/(0/1 + 1). Let q be y(o). What is the units digit of 60/14 - q/14?
4
What is the tens digit of (-2)/8 + (-483)/(-12)?
4
Suppose -3*f - 869 = -5*x - f, -163 = -x + 4*f. Suppose x = 5*a + 55. What is the units digit of a?
4
Let s(x) = 18*x. Let t be s(2). Let u = -16 + t. What is the units digit of u?
0
Let a be (-64)/6 + 4/6. Let s = a - -15. Suppose -4*o - 10 = -s*o. What is the tens digit of o?
1
Let s be 41 + -5 - (1 + 0). Suppose 0 = w - 3*q - 14, -3*q = w + 10 - 0. Suppose -s = w*i - 7*i. What is the units digit of i?
7
Suppose -2*p + 3*p = 5*k - 16, 16 = -4*p - 4*k. Let x = p - -9. What is the units digit of x?
3
Let h be (-2)/8 + 42/8. Suppose 1 = h*u - 19. Suppose -u*w + 5*o = -11, 1 = 3*w - o - 10. What is the units digit of w?
4
Let m(u) = 4*u + 6. What is the units digit of m(4)?
2
Let y(w) = 5*w - 2. Let p = -9 + 13. Suppose 3*b = q + 11, -p*b + 4*q + q = -22. What is the units digit of y(b)?
3
Suppose 0 = 6*h - 5*h - 5. Suppose -15 = -4*r + 3*m + 13, -3*r - 4*m - 4 = 0. Let q = h + r. What is the units digit of q?
9
Suppose -4*i - 50 = -6*i. What is the units digit of i?
5
Let p(w) = w - 4. Let y be p(5). What is the tens digit of (-3 + 1)/(y/(-7))?
1
Let z(x) = -x**3 - 3*x**2 - x - 1. Let r be z(-3). Suppose r = s - 1. What is the units digit of s?
3
Suppose -2*z - 4*l = -54, -2*l - 1 - 26 = -z. Suppose -z = -2*s + 5*u, -2*s + 4*u - 6 = -5*s. Suppose 0*b - s = -2*b. What is the units digit of b?
3
Suppose -5*x + 16 = -9. Suppose -x*q = -q + 48. What is the units digit of (q/18)/(4/(-78))?
3
Let g be (4/5)/((-4)/(-10)). Suppose 3*v + 1 = g*w - 21, w = 5*v + 25. Let i = v + 5. What is the units digit of i?
1
Suppose 0 = 6*h - 4*h + 2*r - 224, h + 2*r = 108. What is the hundreds digit of h?
1
Let y = 8 - 9. What is the tens digit of ((-84)/49)/(y/14)?
2
Let i(f) = 76*f**2 - 4*f. Let g be i(-4). What is the tens digit of g/104 - (-2)/13?
1
Suppose -4*v + 2*v + 58 = 0. What is the units digit of v?
9
Let m(h) = -7*h + 7. What is the tens digit of m(-3)?
2
What is the units digit of (-1)/4 - (-690)/8?
6
Suppose 0*w = -2*w. Suppose -5*q + 17 + 3 = w. What is the units digit of q?
4
Let n be (3/(-3) - -1)/(-2). Suppose 2*y - w - 33 = n, 3*w = -3*y + 2*w + 47. Suppose -h - h + y = 0. What is the units digit of h?
8
Suppose 44 = 3*p - 7*p. Suppose -3*f - j - j = 49, 2*j = -5*f - 83. Let m = p - f. What is the units digit of m?
6
Suppose -2*q - 3 = 5. What is the units digit of (-18 - -2)*3/q?
2
Suppose -3*l = -2*k - 5*l + 66, 0 = -3*k - 2*l + 101. What is the tens digit of k?
3
Suppose -3*s + 15 = -3*c, 0 = -s + 3. What is the units digit of (-21)/c*(-4)/(-6)?
7
Let n = -192 - -214. What is the units digit of n?
2
Suppose 0 = -2*s + 11 - 5. Suppose -s*b = 2*b - 250. What is the units digit of b?
0
Let k(d) = 3*d**2 - 12*d - 13. Let t(h) = -2*h**2 + 8*h + 9. Let r(m) = 5*k(m) + 7*t(m). What is the units digit of r(5)?
3
Let f(n) = 6*n**2 + 0*n**3 - 3 + 5 + n**3 - n. Let